{"id":3073,"date":"2014-02-02T19:35:15","date_gmt":"2014-02-02T17:35:15","guid":{"rendered":"http:\/\/nastawienia.pl\/?page_id=3073"},"modified":"2022-12-28T21:13:53","modified_gmt":"2022-12-28T19:13:53","slug":"procent","status":"publish","type":"page","link":"http:\/\/nastawienia.pl\/?page_id=3073","title":{"rendered":"Procent"},"content":{"rendered":"<p style=\"text-align: center;\"><span style=\"color: #ff0000; font: bold 16px Arial;\"><strong><em>\u00a0W imieniu fundacji &#8222;Strachota&#8221; <\/em><\/strong><\/span><\/p>\n<p style=\"color: #ff0000; text-align: center;\"><span style=\"font: bold 16px Arial;\"><strong><em>prosz\u0119 o przekazanie 1,5% swojego podatku<\/em><\/strong><\/span><\/p>\n<p style=\"color: #ff0000; text-align: center;\"><span style=\"font: bold 16px Arial;\"><strong><em> na rzecz <\/em><\/strong><strong><em>prowadzonego przez nas <\/em><\/strong><\/span><\/p>\n<p style=\"color: #ff0000; text-align: center;\"><span style=\"font: bold 16px Arial;\"><strong><em>Przedszkola Ekologicznego <\/em><\/strong><\/span><\/p>\n<p style=\"text-align: center;\">Wype\u0142niaj\u0105c sw\u00f3j PIT<\/p>\n<p style=\"text-align: center;\">prosz\u0119 wpisa\u0107:<\/p>\n<p style=\"text-align: center;\"><span style=\"font: bold 22px Arial;\"><i><strong>0000224647<\/strong><\/i><\/span><span style=\"line-height: normal; font-variant: normal; font-style: normal; font-family: Arial; font-size: 14px;\"><i> w rubryce<\/i><\/span><span style=\"line-height: normal; font-variant: normal; font-style: normal; font-family: Arial; font-size: 22px;\"><i><strong> \u201eNumer KSR\u201d <\/strong><\/i><\/span><\/p>\n<p style=\"text-align: center;\">koniecznie z dopiskiem<\/p>\n<p style=\"text-align: center;\"><span style=\"font: bold 22px Arial;\"><i><strong>\u201ePrzedszkole Ekologiczne\u201d<\/strong><\/i><\/span><span style=\"line-height: normal; font-variant: normal; font-style: normal; font-family: Arial; font-size: 14px;\"><i> w rubryce<\/i><\/span><span style=\"line-height: normal; font-variant: normal; font-style: normal; font-family: Arial; font-size: 22px;\"><i><strong> \u201eCel szczeg\u00f3\u0142owy 1,5%\u201d <\/strong><\/i><\/span><\/p>\n<p style=\"text-align: center;\"><i><strong>\u00a0<\/strong><\/i><\/p>\n<p style=\"text-align: center;\"><span style=\"color: #ff0000; font: bold 24px Arial;\">DZI\u0118KUJ\u0118! <\/span><\/p>\n","protected":false},"excerpt":{"rendered":"<p>\u00a0W imieniu fundacji &#8222;Strachota&#8221; prosz\u0119 o przekazanie 1,5% swojego podatku na rzecz prowadzonego przez nas Przedszkola Ekologicznego Wype\u0142niaj\u0105c sw\u00f3j PIT prosz\u0119 wpisa\u0107: 0000224647 w rubryce \u201eNumer KSR\u201d koniecznie z dopiskiem \u201ePrzedszkole Ekologiczne\u201d w rubryce \u201eCel szczeg\u00f3\u0142owy 1,5%\u201d \u00a0 DZI\u0118KUJ\u0118!<\/p>\n","protected":false},"author":2,"featured_media":0,"parent":0,"menu_order":0,"comment_status":"closed","ping_status":"closed","template":"","meta":[],"_links":{"self":[{"href":"http:\/\/nastawienia.pl\/index.php?rest_route=\/wp\/v2\/pages\/3073"}],"collection":[{"href":"http:\/\/nastawienia.pl\/index.php?rest_route=\/wp\/v2\/pages"}],"about":[{"href":"http:\/\/nastawienia.pl\/index.php?rest_route=\/wp\/v2\/types\/page"}],"author":[{"embeddable":true,"href":"http:\/\/nastawienia.pl\/index.php?rest_route=\/wp\/v2\/users\/2"}],"replies":[{"embeddable":true,"href":"http:\/\/nastawienia.pl\/index.php?rest_route=%2Fwp%2Fv2%2Fcomments&post=3073"}],"version-history":[{"count":5,"href":"http:\/\/nastawienia.pl\/index.php?rest_route=\/wp\/v2\/pages\/3073\/revisions"}],"predecessor-version":[{"id":5940,"href":"http:\/\/nastawienia.pl\/index.php?rest_route=\/wp\/v2\/pages\/3073\/revisions\/5940"}],"wp:attachment":[{"href":"http:\/\/nastawienia.pl\/index.php?rest_route=%2Fwp%2Fv2%2Fmedia&parent=3073"}],"curies":[{"name":"wp","href":"https:\/\/api.w.org\/{rel}","templated":true}]}}